 are the prime factors of 1021?
1021
What are the prime factors of 12767?
17, 751
What are the prime factors of 7973?
7, 17, 67
List the prime factors of 9518.
2, 4759
List the prime factors of 5316.
2, 3, 443
What are the prime factors of 1526?
2, 7, 109
List the prime factors of 730.
2, 5, 73
List the prime factors of 830.
2, 5, 83
What are the prime factors of 968?
2, 11
What are the prime factors of 972?
2, 3
List the prime factors of 577.
577
List the prime factors of 12152.
2, 7, 31
List the prime factors of 3731.
7, 13, 41
What are the prime factors of 17?
17
List the prime factors of 38.
2, 19
What are the prime factors of 379?
379
What are the prime factors of 821?
821
List the prime factors of 2306.
2, 1153
List the prime factors of 27454.
2, 7, 37, 53
List the prime factors of 24104.
2, 23, 131
What are the prime factors of 6271?
6271
List the prime factors of 1804.
2, 11, 41
List the prime factors of 38015.
5, 7603
List the prime factors of 5575.
5, 223
What are the prime factors of 60877?
17, 3581
List the prime factors of 6292.
2, 11, 13
What are the prime factors of 5083?
13, 17, 23
List the prime factors of 15150.
2, 3, 5, 101
List the prime factors of 4343.
43, 101
What are the prime factors of 11696?
2, 17, 43
List the prime factors of 32688.
2, 3, 227
List the prime factors of 4160.
2, 5, 13
What are the prime factors of 3141?
3, 349
List the prime factors of 3862.
2, 1931
What are the prime factors of 31657?
31657
What are the prime factors of 94152?
2, 3, 3923
What are the prime factors of 15288?
2, 3, 7, 13
What are the prime factors of 1798?
2, 29, 31
What are the prime factors of 1024?
2
List the prime factors of 7858.
2, 3929
List the prime factors of 8504.
2, 1063
List the prime factors of 2106.
2, 3, 13
List the prime factors of 249.
3, 83
List the prime factors of 20559.
3, 7, 11, 89
List the prime factors of 10369.
10369
List the prime factors of 797.
797
List the prime factors of 12488.
2, 7, 223
List the prime factors of 899.
29, 31
List the prime factors of 17533.
89, 197
What are the prime factors of 83402?
2, 11, 17, 223
List the prime factors of 1599.
3, 13, 41
List the prime factors of 1306.
2, 653
What are the prime factors of 31525?
5, 13, 97
What are the prime factors of 10687?
10687
What are the prime factors of 10974?
2, 3, 31, 59
What are the prime factors of 33601?
33601
What are the prime factors of 1934?
2, 967
List the prime factors of 8787.
3, 29, 101
What are the prime factors of 320?
2, 5
List the prime factors of 8915.
5, 1783
What are the prime factors of 249?
3, 83
List the prime factors of 304.
2, 19
What are the prime factors of 14348?
2, 17, 211
What are the prime factors of 13857?
3, 31, 149
What are the prime factors of 1663?
1663
What are the prime factors of 846?
2, 3, 47
What are the prime factors of 212?
2, 53
List the prime factors of 4121.
13, 317
List the prime factors of 794.
2, 397
What are the prime factors of 18347?
7, 2621
What are the prime factors of 40264?
2, 7, 719
List the prime factors of 3565.
5, 23, 31
List the prime factors of 54321.
3, 19, 953
What are the prime factors of 5875?
5, 47
List the prime factors of 92129.
181, 509
What are the prime factors of 7446?
2, 3, 17, 73
What are the prime factors of 2326?
2, 1163
What are the prime factors of 12686?
2, 6343
What are the prime factors of 20531?
7, 419
What are the prime factors of 1796?
2, 449
List the prime factors of 1140.
2, 3, 5, 19
List the prime factors of 3506.
2, 1753
List the prime factors of 73248.
2, 3, 7, 109
List the prime factors of 84278.
2, 42139
List the prime factors of 2532.
2, 3, 211
List the prime factors of 9294.
2, 3, 1549
What are the prime factors of 7404?
2, 3, 617
What are the prime factors of 57721?
197, 293
List the prime factors of 22384.
2, 1399
What are the prime factors of 6994?
2, 13, 269
List the prime factors of 2484.
2, 3, 23
What are the prime factors of 968?
2, 11
List the prime factors of 2330.
2, 5, 233
List the prime factors of 1104.
2, 3, 23
List the prime factors of 2475.
3, 5, 11
List the prime factors of 11167.
13, 859
What are the prime factors of 19418?
2, 7, 19, 73
List the prime factors of 103.
103
List the prime factors of 84576.
2, 3, 881
List the prime factors of 2051.
7, 293
What are the prime factors of 28300?
2, 5, 283
What are the prime factors of 3131?
31, 101
What are the prime factors of 2447?
2447
List the prime factors of 1682.
2, 29
What are the prime factors of 1441?
11, 131
What are the prime factors of 4517?
4517
List the prime factors of 1332.
2, 3, 37
What are the prime factors of 221?
13, 17
What are the prime factors of 6418?
2, 3209
What are the prime factors of 6739?
23, 293
What are the prime factors of 5042?
2, 2521
What are the prime factors of 3689?
7, 17, 31
List the prime factors of 743.
743
What are the prime factors of 22848?
2, 3, 7, 17
What are the prime factors of 686?
2, 7
What are the prime factors of 9205?
5, 7, 263
List the prime factors of 26605.
5, 17, 313
List the prime factors of 4928.
2, 7, 11
List the prime factors of 8577.
3, 953
List the prime factors of 3014.
2, 11, 137
What are the prime factors of 1775?
5, 71
What are the prime factors of 2777?
2777
List the prime factors of 1889.
1889
List the prime factors of 35182.
2, 7, 359
What are the prime factors of 438?
2, 3, 73
What are the prime factors of 57785?
5, 7, 13, 127
List the prime factors of 22302.
2, 3, 7, 59
What are the prime factors of 8151?
3, 11, 13, 19
What are the prime factors of 6251?
7, 19, 47
What are the prime factors of 3365?
5, 673
What are the prime factors of 448?
2, 7
List the prime factors of 9615.
3, 5, 641
List the prime factors of 17745.
3, 5, 7, 13
What are the prime factors of 3786?
2, 3, 631
List the prime factors of 1293.
3, 431
What are the prime factors of 2164?
2, 541
List the prime factors of 3858.
2, 3, 643
List the prime factors of 583.
11, 53
List the prime factors of 808.
2, 101
List the prime factors of 14739.
3, 17
List the prime factors of 32443.
32443
List the prime factors of 110412.
2, 3, 3067
List the prime factors of 425.
5, 17
What are the prime factors of 2027?
2027
List the prime factors of 3497.
13, 269
List the prime factors of 6208.
2, 97
What are the prime factors of 1062?
2, 3, 59
What are the prime factors of 1935?
3, 5, 43
List the prime factors of 2372.
2, 593
List the prime factors of 7444.
2, 1861
List the prime factors of 8020.
2, 5, 401
List the prime factors of 2894.
2, 1447
What are the prime factors of 164477?
164477
List the prime factors of 4033.
37, 109
List the prime factors of 305.
5, 61
What are the prime factors of 31290?
2, 3, 5, 7, 149
What are the prime factors of 5068?
2, 7, 181
What are the prime factors of 851?
23, 37
What are the prime factors of 1511?
1511
What are the prime factors of 3823?
3823
What are the prime factors of 33411?
3, 7, 37, 43
List the prime factors of 22405.
5, 4481
What are the prime factors of 5966?
2, 19, 157
List the prime factors of 34901.
17, 2053
What are the prime factors of 2789?
2789
What are the prime factors of 82823?
13, 23, 277
List the prime factors of 68957.
7, 9851
List the prime factors of 1486.
2, 743
What are the prime factors of 170?
2, 5, 17
What are the prime factors of 1766?
2, 883
What are the prime factors of 12907?
12907
List the prime factors of 147557.
147557
List the prime factors of 4209.
3, 23, 61
List the prime factors of 448.
2, 7
List the prime factors of 11974.
2, 5987
List the prime factors of 46649.
46649
List the prime factors of 2482.
2, 17, 73
What are the prime factors of 32547?
3, 19, 571
List the prime factors of 19735.
5, 3947
What are the prime factors of 387?
3, 43
What are the prime factors of 4253?
4253
List the prime factors of 4114.
2, 11, 17
What are the prime factors of 2197?
13
List the prime factors of 2981.
11, 271
What are the prime factors of 4851?
3, 7, 11
What are the prime factors of 1900?
2, 5, 19
List the prime factors of 6262.
2, 31, 101
List the prime factors of 9051.
3, 7, 431
What are the prime factors of 23320?
2, 5, 11, 53
List the prime factors of 592.
2, 37
What are the prime factors of 2881?
43, 67
List the prime factors of 9940.
2, 5, 7, 71
What are the prime factors of 5177?
31, 167
List the